{"id":654,"date":"2025-07-20T18:29:53","date_gmt":"2025-07-20T17:29:53","guid":{"rendered":"https:\/\/protocole-csr.com\/?page_id=654"},"modified":"2025-07-20T18:54:54","modified_gmt":"2025-07-20T17:54:54","slug":"conseils-sante-bien-etre","status":"publish","type":"page","link":"https:\/\/protocole-csr.com\/?page_id=654","title":{"rendered":"Conseils Sant\u00e9 &#038; Bien-\u00eatre"},"content":{"rendered":"\n<p>Bienvenue dans notre espace d\u00e9di\u00e9 \u00e0 votre <strong>mieux-\u00eatre au quotidien<\/strong> !<\/p>\n\n\n\n<p>Ici, vous d\u00e9couvrirez une s\u00e9lection de conseils pratiques, d\u2019astuces sant\u00e9 simples et de recommandations \u00e9prouv\u00e9es par des ann\u00e9es d\u2019exp\u00e9rience. Notre objectif est de vous guider concr\u00e8tement vers une vie plus saine, plus \u00e9quilibr\u00e9e et plus \u00e9panouissante.<\/p>\n\n\n\n<p>Chaque conseil propos\u00e9 est fond\u00e9 sur mon exp\u00e9rience terrain, mon expertise en sant\u00e9 int\u00e9grative, ainsi que sur les retours authentiques de milliers de personnes accompagn\u00e9es avec succ\u00e8s au fil des ann\u00e9es.<\/p>\n\n\n\n<hr class=\"wp-block-separator has-alpha-channel-opacity\"\/>\n\n\n\n<h3 class=\"wp-block-heading has-large-font-size\" id=\"ce-que-vous-trouverez-ici\"><strong>Ce que vous trouverez ici :<\/strong><\/h3>\n\n\n\n<ul class=\"wp-block-list\">\n<li>Des <strong>astuces pratiques<\/strong> faciles \u00e0 appliquer au quotidien.<\/li>\n\n\n\n<li>Des <strong>conseils sant\u00e9 int\u00e9grative<\/strong> bas\u00e9s sur les produits Forever Living.<\/li>\n\n\n\n<li>Des <strong>recommandations alimentaires<\/strong> pour booster naturellement votre sant\u00e9.<\/li>\n\n\n\n<li>Des m\u00e9thodes \u00e9prouv\u00e9es pour am\u00e9liorer votre <strong>\u00e9quilibre physique et mental<\/strong>.<\/li>\n\n\n\n<li>Des articles d\u00e9taill\u00e9s pour aller plus loin dans votre d\u00e9marche personnelle de mieux-\u00eatre.<\/li>\n<\/ul>\n\n\n\n<hr class=\"wp-block-separator has-alpha-channel-opacity\"\/>\n\n\n\n<h3 class=\"wp-block-heading has-large-font-size\" id=\"quelques-articles-phares-a-decouvrir\"><strong>Quelques articles phares \u00e0 d\u00e9couvrir :<\/strong><\/h3>\n\n\n\n<ul class=\"wp-block-list\">\n<li><a href=\"https:\/\/protocole-csr.com\/?p=634\">Le Protocole Confort Digestif : la solution naturelle Forever pour un ventre heureux !<\/a><\/li>\n\n\n\n<li><a href=\"https:\/\/protocole-csr.com\/?p=622\">Les Buvables Forever : Quand la Science Sublime la Nature au Service de Votre Bien-\u00catre<\/a><\/li>\n\n\n\n<li><a class=\"\" href=\"#\">Comment faire une d\u00e9tox cellulaire efficace en 21 jours<\/a><\/li>\n\n\n\n<li><a class=\"\" href=\"#\">5 astuces naturelles pour retrouver votre vitalit\u00e9<\/a><\/li>\n\n\n\n<li><a class=\"\" href=\"#\">Prot\u00e9ger et renforcer son immunit\u00e9 au quotidien<\/a><\/li>\n\n\n\n<li><a class=\"\" href=\"#\">R\u00e9duire durablement le stress gr\u00e2ce \u00e0 la m\u00e9decine int\u00e9grative<\/a><\/li>\n\n\n\n<li><a class=\"\" href=\"#\">Microbiote : votre intestin est la cl\u00e9 de votre sant\u00e9<\/a><\/li>\n<\/ul>\n\n\n\n<hr class=\"wp-block-separator has-alpha-channel-opacity\"\/>\n\n\n\n<h3 class=\"wp-block-heading has-large-font-size\" id=\"restez-connectes-et-informes\"><strong>Restez connect\u00e9s et inform\u00e9s !<\/strong><\/h3>\n\n\n\n<p>Je publie r\u00e9guli\u00e8rement de nouveaux conseils, alors n\u2019h\u00e9sitez pas \u00e0 revenir souvent et \u00e0 partager ces ressources avec vos proches.<br><strong>Votre sant\u00e9, votre vitalit\u00e9 et votre mieux-\u00eatre n&rsquo;attendent plus que vous !<\/strong><\/p>\n\n\n\n<hr class=\"wp-block-separator has-alpha-channel-opacity\"\/>\n\n\n\n<p><strong>Jean-Louis &amp; G\u00e9n\u00e9vi\u00e8ve DOSSOU<\/strong><br>Fondateurs du Protocole CSR et de l&rsquo;\u00c9cole de Sant\u00e9 et R\u00e9ussite (ESR)<\/p>\n","protected":false},"excerpt":{"rendered":"<p>Bienvenue dans notre espace d\u00e9di\u00e9 \u00e0 votre mieux-\u00eatre au quotidien ! Ici, vous d\u00e9couvrirez une s\u00e9lection de conseils pratiques, d\u2019astuces sant\u00e9 simples et de recommandations \u00e9prouv\u00e9es par des ann\u00e9es d\u2019exp\u00e9rience. Notre objectif est de vous guider concr\u00e8tement vers une vie plus saine, plus \u00e9quilibr\u00e9e et plus \u00e9panouissante. Chaque conseil propos\u00e9 est fond\u00e9 sur mon exp\u00e9rience [&hellip;]<\/p>\n","protected":false},"author":1,"featured_media":0,"parent":0,"menu_order":0,"comment_status":"closed","ping_status":"closed","template":"","meta":{"_acf_changed":false,"_bbp_topic_count":0,"_bbp_reply_count":0,"_bbp_total_topic_count":0,"_bbp_total_reply_count":0,"_bbp_voice_count":0,"_bbp_anonymous_reply_count":0,"_bbp_topic_count_hidden":0,"_bbp_reply_count_hidden":0,"_bbp_forum_subforum_count":0,"_gspb_post_css":"","om_disable_all_campaigns":false,"_surecart_dashboard_logo_width":"180px","_surecart_dashboard_show_logo":true,"_surecart_dashboard_navigation_orders":true,"_surecart_dashboard_navigation_invoices":true,"_surecart_dashboard_navigation_subscriptions":true,"_surecart_dashboard_navigation_downloads":true,"_surecart_dashboard_navigation_billing":true,"_surecart_dashboard_navigation_account":true,"_monsterinsights_skip_tracking":false,"_monsterinsights_sitenote_active":false,"_monsterinsights_sitenote_note":"","_monsterinsights_sitenote_category":0,"_kadence_starter_templates_imported_post":false,"footnotes":""},"class_list":["post-654","page","type-page","status-publish","hentry"],"blocksy_meta":[],"aioseo_notices":[],"acf":[],"_links":{"self":[{"href":"https:\/\/protocole-csr.com\/index.php?rest_route=\/wp\/v2\/pages\/654","targetHints":{"allow":["GET"]}}],"collection":[{"href":"https:\/\/protocole-csr.com\/index.php?rest_route=\/wp\/v2\/pages"}],"about":[{"href":"https:\/\/protocole-csr.com\/index.php?rest_route=\/wp\/v2\/types\/page"}],"author":[{"embeddable":true,"href":"https:\/\/protocole-csr.com\/index.php?rest_route=\/wp\/v2\/users\/1"}],"replies":[{"embeddable":true,"href":"https:\/\/protocole-csr.com\/index.php?rest_route=%2Fwp%2Fv2%2Fcomments&post=654"}],"version-history":[{"count":4,"href":"https:\/\/protocole-csr.com\/index.php?rest_route=\/wp\/v2\/pages\/654\/revisions"}],"predecessor-version":[{"id":658,"href":"https:\/\/protocole-csr.com\/index.php?rest_route=\/wp\/v2\/pages\/654\/revisions\/658"}],"wp:attachment":[{"href":"https:\/\/protocole-csr.com\/index.php?rest_route=%2Fwp%2Fv2%2Fmedia&parent=654"}],"curies":[{"name":"wp","href":"https:\/\/api.w.org\/{rel}","templated":true}]}}