{"id":703,"date":"2025-07-21T08:13:47","date_gmt":"2025-07-21T07:13:47","guid":{"rendered":"https:\/\/protocole-csr.com\/?page_id=703"},"modified":"2025-07-21T08:13:47","modified_gmt":"2025-07-21T07:13:47","slug":"produits","status":"publish","type":"page","link":"https:\/\/protocole-csr.com\/?page_id=703","title":{"rendered":"Produits"},"content":{"rendered":"<div class=\"wp-block-edd-downloads edd-blocks__downloads edd-blocks__columns\">\n\t\t\t<article class=\"edd-blocks__download\">\n\t\t\t\n<header class=\"edd-blocks__download-header\">\n\t<h3><a href=\"https:\/\/protocole-csr.com\/?download=%f0%9f%93%8e-telecharger-le-script-complet-du-live-au-format-pdf\">\ud83d\udcce T\u00e9l\u00e9charger le script complet du live au format PDF<\/a><\/h3><\/header>\n<div class=\"edd-blocks__download-content\">\n\t<p>Clart\u00e9, confort et protection visuelle au naturel \ud83d\udc41\ufe0f<\/p>\n\t\t<div class=\"edd-blocks__download-price\">\n\t\t\t<span class=\"edd_price\" id=\"edd_price_1599\">Gratuit<\/span>\t\t<\/div>\n\t\t<\/div>\n<footer class=\"edd-blocks__download-footer\">\n\t<div class=\"wp-block-edd-buy-button edd-blocks__buy-button\">\t<form id=\"edd_purchase_1599\" class=\"edd_download_purchase_form edd_purchase_1599\" method=\"post\">\n\n\t\t\t<div class=\"edd_download_quantity_wrapper\">\n\t\t<input type=\"number\" min=\"1\" step=\"1\" name=\"edd_download_quantity\" class=\"edd-input edd-item-quantity\" value=\"1\" \/>\n\t<\/div>\n\t\n\t\t<div class=\"edd_purchase_submit_wrapper\">\n\t\t\t<button class=\"edd-add-to-cart button blue edd-submit alignnone\" data-nonce=\"8338552f1d\" data-timestamp=\"1776377879\" data-token=\"461e897762ddbdf4940f05c9fa9af7364798e0c20bf710669885de40a8448234\" data-action=\"edd_add_to_cart\" data-download-id=\"1599\" data-variable-price=\"no\" data-price-mode=single data-price=\"0.00\" ><span class=\"edd-add-to-cart-label\">Gratuit&nbsp;&ndash;&nbsp;Acheter<\/span> <span class=\"edd-loading\" aria-label=\"Chargement en cours\"><\/span><\/button><input type=\"submit\" class=\"edd-add-to-cart edd-no-js button blue edd-submit alignnone\" name=\"edd_purchase_download\" value=\"Gratuit&nbsp;&ndash;&nbsp;Acheter\" data-action=\"edd_add_to_cart\" data-download-id=\"1599\" data-variable-price=\"no\" data-price-mode=single \/><a href=\"https:\/\/protocole-csr.com\/?page_id=698\" class=\"edd_go_to_checkout button blue edd-submit alignnone\" style=\"display:none;\">Validation de la commande<\/a>\n\t\t\t\t\t\t\t<span class=\"edd-cart-ajax-alert\" aria-live=\"assertive\">\n\t\t\t\t\t<span class=\"edd-cart-added-alert\" style=\"display: none;\">\n\t\t\t\t\t\t<svg class=\"edd-icon edd-icon-check\" xmlns=\"http:\/\/www.w3.org\/2000\/svg\" width=\"28\" height=\"28\" viewBox=\"0 0 28 28\" aria-hidden=\"true\">\n\t\t\t\t\t\t\t<path d=\"M26.11 8.844c0 .39-.157.78-.44 1.062L12.234 23.344c-.28.28-.672.438-1.062.438s-.78-.156-1.06-.438l-7.782-7.78c-.28-.282-.438-.673-.438-1.063s.156-.78.438-1.06l2.125-2.126c.28-.28.672-.438 1.062-.438s.78.156 1.062.438l4.594 4.61L21.42 5.656c.282-.28.673-.438 1.063-.438s.78.155 1.062.437l2.125 2.125c.28.28.438.672.438 1.062z\"\/>\n\t\t\t\t\t\t<\/svg>\n\t\t\t\t\t\tAjout\u00e9 au panier\t\t\t\t\t<\/span>\n\t\t\t\t<\/span>\n\t\t\t\t\t\t\t\t<\/div><!--end .edd_purchase_submit_wrapper-->\n\n\t\t<input type=\"hidden\" name=\"download_id\" value=\"1599\">\n\t\t\t\t\t\t\t<input type=\"hidden\" name=\"edd_action\" class=\"edd_action_input\" value=\"add_to_cart\">\n\t\t\n\t\t\n\t\t\n\t<\/form><!--end #edd_purchase_1599-->\n\t<\/div><\/footer>\n\t\t<\/article>\n\t\t\t\t<article class=\"edd-blocks__download\">\n\t\t\t\n<header class=\"edd-blocks__download-header\">\n\t\t<a\n\t\thref=\"https:\/\/protocole-csr.com\/?download=autoevaluation-interactive-fertilite-trompes-liberees-resultats-automatiques\"\n\t\tclass=\"edd-blocks__download-image-link\"\n\t\t\t\t\taria-hidden=\"true\"\n\t\t\ttabindex=\"-1\"\n\t\t\t\t>\n\t<img loading=\"lazy\" decoding=\"async\" width=\"1024\" height=\"1024\" src=\"https:\/\/protocole-csr.com\/wp-content\/uploads\/2025\/08\/Autoevaluation-Fertilite.webp\" class=\"aligncenter edd-blocks__download-image not-transparent wp-post-image\" alt=\"\" srcset=\"https:\/\/protocole-csr.com\/wp-content\/uploads\/2025\/08\/Autoevaluation-Fertilite.webp 1024w, https:\/\/protocole-csr.com\/wp-content\/uploads\/2025\/08\/Autoevaluation-Fertilite-300x300.webp 300w, https:\/\/protocole-csr.com\/wp-content\/uploads\/2025\/08\/Autoevaluation-Fertilite-150x150.webp 150w, https:\/\/protocole-csr.com\/wp-content\/uploads\/2025\/08\/Autoevaluation-Fertilite-768x768.webp 768w\" sizes=\"auto, (max-width: 1024px) 100vw, 1024px\" data-has-transparency=\"false\" data-dominant-color=\"ccbaab\" style=\"--dominant-color: #ccbaab;\" \/>\t<\/a>\n\t<h3><a href=\"https:\/\/protocole-csr.com\/?download=autoevaluation-interactive-fertilite-trompes-liberees-resultats-automatiques\">Auto\u00e9valuation Interactive Fertilit\u00e9 \u2013 Trompes Lib\u00e9r\u00e9es (R\u00e9sultats Automatiques)<\/a><\/h3><\/header>\n<div class=\"edd-blocks__download-content\">\n\t<p>Tu viens de d\u00e9couvrir ton score et tes recommandations personnalis\u00e9es. Pour aller plus loin et acc\u00e9der \u00e0 un extrait du livre Trompes Lib\u00e9r\u00e9es, clique ici \ud83d\udc49 D\u00e9couvrir l\u2019article complet<\/p>\n\t\t<div class=\"edd-blocks__download-price\">\n\t\t\t<span class=\"edd_price\" id=\"edd_price_1393\">Gratuit<\/span>\t\t<\/div>\n\t\t<\/div>\n<footer class=\"edd-blocks__download-footer\">\n\t<div class=\"wp-block-edd-buy-button edd-blocks__buy-button\">\t<form id=\"edd_purchase_1393\" class=\"edd_download_purchase_form edd_purchase_1393\" method=\"post\">\n\n\t\t\t<div class=\"edd_download_quantity_wrapper\">\n\t\t<input type=\"number\" min=\"1\" step=\"1\" name=\"edd_download_quantity\" class=\"edd-input edd-item-quantity\" value=\"1\" \/>\n\t<\/div>\n\t\n\t\t<div class=\"edd_purchase_submit_wrapper\">\n\t\t\t<button class=\"edd-add-to-cart button blue edd-submit alignnone\" data-nonce=\"aee8892566\" data-timestamp=\"1776377879\" data-token=\"461e897762ddbdf4940f05c9fa9af7364798e0c20bf710669885de40a8448234\" data-action=\"edd_add_to_cart\" data-download-id=\"1393\" data-variable-price=\"no\" data-price-mode=single data-price=\"0.00\" ><span class=\"edd-add-to-cart-label\">Gratuit&nbsp;&ndash;&nbsp;Acheter<\/span> <span class=\"edd-loading\" aria-label=\"Chargement en cours\"><\/span><\/button><input type=\"submit\" class=\"edd-add-to-cart edd-no-js button blue edd-submit alignnone\" name=\"edd_purchase_download\" value=\"Gratuit&nbsp;&ndash;&nbsp;Acheter\" data-action=\"edd_add_to_cart\" data-download-id=\"1393\" data-variable-price=\"no\" data-price-mode=single \/><a href=\"https:\/\/protocole-csr.com\/?page_id=698\" class=\"edd_go_to_checkout button blue edd-submit alignnone\" style=\"display:none;\">Validation de la commande<\/a>\n\t\t\t\t\t\t\t<span class=\"edd-cart-ajax-alert\" aria-live=\"assertive\">\n\t\t\t\t\t<span class=\"edd-cart-added-alert\" style=\"display: none;\">\n\t\t\t\t\t\t<svg class=\"edd-icon edd-icon-check\" xmlns=\"http:\/\/www.w3.org\/2000\/svg\" width=\"28\" height=\"28\" viewBox=\"0 0 28 28\" aria-hidden=\"true\">\n\t\t\t\t\t\t\t<path d=\"M26.11 8.844c0 .39-.157.78-.44 1.062L12.234 23.344c-.28.28-.672.438-1.062.438s-.78-.156-1.06-.438l-7.782-7.78c-.28-.282-.438-.673-.438-1.063s.156-.78.438-1.06l2.125-2.126c.28-.28.672-.438 1.062-.438s.78.156 1.062.438l4.594 4.61L21.42 5.656c.282-.28.673-.438 1.063-.438s.78.155 1.062.437l2.125 2.125c.28.28.438.672.438 1.062z\"\/>\n\t\t\t\t\t\t<\/svg>\n\t\t\t\t\t\tAjout\u00e9 au panier\t\t\t\t\t<\/span>\n\t\t\t\t<\/span>\n\t\t\t\t\t\t\t\t<\/div><!--end .edd_purchase_submit_wrapper-->\n\n\t\t<input type=\"hidden\" name=\"download_id\" value=\"1393\">\n\t\t\t\t\t\t\t<input type=\"hidden\" name=\"edd_action\" class=\"edd_action_input\" value=\"add_to_cart\">\n\t\t\n\t\t\n\t\t\n\t<\/form><!--end #edd_purchase_1393-->\n\t<\/div><\/footer>\n\t\t<\/article>\n\t\t\t\t<article class=\"edd-blocks__download\">\n\t\t\t\n<header class=\"edd-blocks__download-header\">\n\t<h3><a href=\"https:\/\/protocole-csr.com\/?download=fiche-dautoevaluation-financiere-revenus-depenses\">Fiche d\u2019auto\u00e9valuation financi\u00e8re \u2013 Revenus &#038; D\u00e9penses<\/a><\/h3><\/header>\n<div class=\"edd-blocks__download-content\">\n\t<p>Fiche d\u2019auto\u00e9valuation financi\u00e8re \u2013 Revenus &#038; D\u00e9penses Fiche d\u2019auto\u00e9valuation financi\u00e8re Faites le point sur vos sources de revenu, vos d\u00e9penses et vos engagements. Obtenez des indicateurs cl\u00e9s : taux d\u2019\u00e9pargne, charge de dette, fonds d\u2019urgence, et indice de diversification de vos revenus. Devise&nbsp; \u20ac (EUR)FCFA$ (USD)Personnalis\u00e9e\u2026 \ud83d\udcbe Enregistrer \ud83d\udcc2 Charger \ud83e\uddf9 R\u00e9initialiser \ud83d\udda8\ufe0f Exporter \/ [&hellip;]<\/p>\n\t\t<div class=\"edd-blocks__download-price\">\n\t\t\t<span class=\"edd_price\" id=\"edd_price_1345\">Gratuit<\/span>\t\t<\/div>\n\t\t<\/div>\n<footer class=\"edd-blocks__download-footer\">\n\t<div class=\"wp-block-edd-buy-button edd-blocks__buy-button\">\t<form id=\"edd_purchase_1345\" class=\"edd_download_purchase_form edd_purchase_1345\" method=\"post\">\n\n\t\t\t<div class=\"edd_download_quantity_wrapper\">\n\t\t<input type=\"number\" min=\"1\" step=\"1\" name=\"edd_download_quantity\" class=\"edd-input edd-item-quantity\" value=\"1\" \/>\n\t<\/div>\n\t\n\t\t<div class=\"edd_purchase_submit_wrapper\">\n\t\t\t<button class=\"edd-add-to-cart button blue edd-submit alignnone\" data-nonce=\"e9f29b4883\" data-timestamp=\"1776377879\" data-token=\"461e897762ddbdf4940f05c9fa9af7364798e0c20bf710669885de40a8448234\" data-action=\"edd_add_to_cart\" data-download-id=\"1345\" data-variable-price=\"no\" data-price-mode=single data-price=\"0.00\" ><span class=\"edd-add-to-cart-label\">Gratuit&nbsp;&ndash;&nbsp;Acheter<\/span> <span class=\"edd-loading\" aria-label=\"Chargement en cours\"><\/span><\/button><input type=\"submit\" class=\"edd-add-to-cart edd-no-js button blue edd-submit alignnone\" name=\"edd_purchase_download\" value=\"Gratuit&nbsp;&ndash;&nbsp;Acheter\" data-action=\"edd_add_to_cart\" data-download-id=\"1345\" data-variable-price=\"no\" data-price-mode=single \/><a href=\"https:\/\/protocole-csr.com\/?page_id=698\" class=\"edd_go_to_checkout button blue edd-submit alignnone\" style=\"display:none;\">Validation de la commande<\/a>\n\t\t\t\t\t\t\t<span class=\"edd-cart-ajax-alert\" aria-live=\"assertive\">\n\t\t\t\t\t<span class=\"edd-cart-added-alert\" style=\"display: none;\">\n\t\t\t\t\t\t<svg class=\"edd-icon edd-icon-check\" xmlns=\"http:\/\/www.w3.org\/2000\/svg\" width=\"28\" height=\"28\" viewBox=\"0 0 28 28\" aria-hidden=\"true\">\n\t\t\t\t\t\t\t<path d=\"M26.11 8.844c0 .39-.157.78-.44 1.062L12.234 23.344c-.28.28-.672.438-1.062.438s-.78-.156-1.06-.438l-7.782-7.78c-.28-.282-.438-.673-.438-1.063s.156-.78.438-1.06l2.125-2.126c.28-.28.672-.438 1.062-.438s.78.156 1.062.438l4.594 4.61L21.42 5.656c.282-.28.673-.438 1.063-.438s.78.155 1.062.437l2.125 2.125c.28.28.438.672.438 1.062z\"\/>\n\t\t\t\t\t\t<\/svg>\n\t\t\t\t\t\tAjout\u00e9 au panier\t\t\t\t\t<\/span>\n\t\t\t\t<\/span>\n\t\t\t\t\t\t\t\t<\/div><!--end .edd_purchase_submit_wrapper-->\n\n\t\t<input type=\"hidden\" name=\"download_id\" value=\"1345\">\n\t\t\t\t\t\t\t<input type=\"hidden\" name=\"edd_action\" class=\"edd_action_input\" value=\"add_to_cart\">\n\t\t\n\t\t\n\t\t\n\t<\/form><!--end #edd_purchase_1345-->\n\t<\/div><\/footer>\n\t\t<\/article>\n\t\t\t\t<article class=\"edd-blocks__download\">\n\t\t\t\n<header class=\"edd-blocks__download-header\">\n\t<h3><a href=\"https:\/\/protocole-csr.com\/?download=programme-c9-suivi-quotidien\">Programme C9 \u2014 suivi quotidien<\/a><\/h3><\/header>\n<div class=\"edd-blocks__download-content\">\n\t<p>Fiche d\u2019auto\u00e9valuation Programme C9 \u2014 suivi quotidien R\u00e9pondez aux questions (1 = jamais \u2192 5 = toujours). Obtenez un score, des conseils personnalis\u00e9s et t\u00e9l\u00e9chargez votre fiche en PDF. Vos donn\u00e9es ne quittent pas votre navigateur. Nom &#038; Pr\u00e9nom E-mail (optionnel) Jour du programme (1\u20139) Date Calculer le score T\u00e9l\u00e9charger le PDF R\u00e9initialiser Astuce : [&hellip;]<\/p>\n\t\t<div class=\"edd-blocks__download-price\">\n\t\t\t<span class=\"edd_price\" id=\"edd_price_1322\">Gratuit<\/span>\t\t<\/div>\n\t\t<\/div>\n<footer class=\"edd-blocks__download-footer\">\n\t<div class=\"wp-block-edd-buy-button edd-blocks__buy-button\">\t<form id=\"edd_purchase_1322\" class=\"edd_download_purchase_form edd_purchase_1322\" method=\"post\">\n\n\t\t\t<div class=\"edd_download_quantity_wrapper\">\n\t\t<input type=\"number\" min=\"1\" step=\"1\" name=\"edd_download_quantity\" class=\"edd-input edd-item-quantity\" value=\"1\" \/>\n\t<\/div>\n\t\n\t\t<div class=\"edd_purchase_submit_wrapper\">\n\t\t\t<button class=\"edd-add-to-cart button blue edd-submit alignnone\" data-nonce=\"02abad6ccd\" data-timestamp=\"1776377879\" data-token=\"461e897762ddbdf4940f05c9fa9af7364798e0c20bf710669885de40a8448234\" data-action=\"edd_add_to_cart\" data-download-id=\"1322\" data-variable-price=\"no\" data-price-mode=single data-price=\"0.00\" ><span class=\"edd-add-to-cart-label\">Gratuit&nbsp;&ndash;&nbsp;Acheter<\/span> <span class=\"edd-loading\" aria-label=\"Chargement en cours\"><\/span><\/button><input type=\"submit\" class=\"edd-add-to-cart edd-no-js button blue edd-submit alignnone\" name=\"edd_purchase_download\" value=\"Gratuit&nbsp;&ndash;&nbsp;Acheter\" data-action=\"edd_add_to_cart\" data-download-id=\"1322\" data-variable-price=\"no\" data-price-mode=single \/><a href=\"https:\/\/protocole-csr.com\/?page_id=698\" class=\"edd_go_to_checkout button blue edd-submit alignnone\" style=\"display:none;\">Validation de la commande<\/a>\n\t\t\t\t\t\t\t<span class=\"edd-cart-ajax-alert\" aria-live=\"assertive\">\n\t\t\t\t\t<span class=\"edd-cart-added-alert\" style=\"display: none;\">\n\t\t\t\t\t\t<svg class=\"edd-icon edd-icon-check\" xmlns=\"http:\/\/www.w3.org\/2000\/svg\" width=\"28\" height=\"28\" viewBox=\"0 0 28 28\" aria-hidden=\"true\">\n\t\t\t\t\t\t\t<path d=\"M26.11 8.844c0 .39-.157.78-.44 1.062L12.234 23.344c-.28.28-.672.438-1.062.438s-.78-.156-1.06-.438l-7.782-7.78c-.28-.282-.438-.673-.438-1.063s.156-.78.438-1.06l2.125-2.126c.28-.28.672-.438 1.062-.438s.78.156 1.062.438l4.594 4.61L21.42 5.656c.282-.28.673-.438 1.063-.438s.78.155 1.062.437l2.125 2.125c.28.28.438.672.438 1.062z\"\/>\n\t\t\t\t\t\t<\/svg>\n\t\t\t\t\t\tAjout\u00e9 au panier\t\t\t\t\t<\/span>\n\t\t\t\t<\/span>\n\t\t\t\t\t\t\t\t<\/div><!--end .edd_purchase_submit_wrapper-->\n\n\t\t<input type=\"hidden\" name=\"download_id\" value=\"1322\">\n\t\t\t\t\t\t\t<input type=\"hidden\" name=\"edd_action\" class=\"edd_action_input\" value=\"add_to_cart\">\n\t\t\n\t\t\n\t\t\n\t<\/form><!--end #edd_purchase_1322-->\n\t<\/div><\/footer>\n\t\t<\/article>\n\t\t\t\t<article class=\"edd-blocks__download\">\n\t\t\t\n<header class=\"edd-blocks__download-header\">\n\t<h3><a href=\"https:\/\/protocole-csr.com\/?download=fiche-dautoevaluation-sante-apres-50-ans\">Fiche d\u2019auto\u00e9valuation \u2013 Sant\u00e9 apr\u00e8s 50 ans<\/a><\/h3><\/header>\n<div class=\"edd-blocks__download-content\">\n\t<p>Fiche d\u2019auto\u00e9valuation \u2013 Sant\u00e9 apr\u00e8s 50 ans \ud83e\uddec Fiche d\u2019auto\u00e9valuation \u2013 Sant\u00e9 apr\u00e8s 50 ans \u00c9valuez vos habitudes par sph\u00e8re, obtenez un score instantan\u00e9, sauvegardez et exportez votre r\u00e9sultat. \ud83d\udc64 Profil Nom&nbsp;: Email&nbsp;: ID Profil&nbsp;: \ud83d\udca1 Astuce : L\u2019ID sert de cl\u00e9 pour la reprise automatique (ex. prenom_date). \u2699\ufe0f Actions \ud83d\udcbe Sauvegarder \u2934\ufe0f Reprendre \ud83e\uddf9 [&hellip;]<\/p>\n\t\t<div class=\"edd-blocks__download-price\">\n\t\t\t<span class=\"edd_price\" id=\"edd_price_1314\">Gratuit<\/span>\t\t<\/div>\n\t\t<\/div>\n<footer class=\"edd-blocks__download-footer\">\n\t<div class=\"wp-block-edd-buy-button edd-blocks__buy-button\">\t<form id=\"edd_purchase_1314\" class=\"edd_download_purchase_form edd_purchase_1314\" method=\"post\">\n\n\t\t\t<div class=\"edd_download_quantity_wrapper\">\n\t\t<input type=\"number\" min=\"1\" step=\"1\" name=\"edd_download_quantity\" class=\"edd-input edd-item-quantity\" value=\"1\" \/>\n\t<\/div>\n\t\n\t\t<div class=\"edd_purchase_submit_wrapper\">\n\t\t\t<button class=\"edd-add-to-cart button blue edd-submit alignnone\" data-nonce=\"7743f95671\" data-timestamp=\"1776377879\" data-token=\"461e897762ddbdf4940f05c9fa9af7364798e0c20bf710669885de40a8448234\" data-action=\"edd_add_to_cart\" data-download-id=\"1314\" data-variable-price=\"no\" data-price-mode=single data-price=\"0.00\" ><span class=\"edd-add-to-cart-label\">Gratuit&nbsp;&ndash;&nbsp;Acheter<\/span> <span class=\"edd-loading\" aria-label=\"Chargement en cours\"><\/span><\/button><input type=\"submit\" class=\"edd-add-to-cart edd-no-js button blue edd-submit alignnone\" name=\"edd_purchase_download\" value=\"Gratuit&nbsp;&ndash;&nbsp;Acheter\" data-action=\"edd_add_to_cart\" data-download-id=\"1314\" data-variable-price=\"no\" data-price-mode=single \/><a href=\"https:\/\/protocole-csr.com\/?page_id=698\" class=\"edd_go_to_checkout button blue edd-submit alignnone\" style=\"display:none;\">Validation de la commande<\/a>\n\t\t\t\t\t\t\t<span class=\"edd-cart-ajax-alert\" aria-live=\"assertive\">\n\t\t\t\t\t<span class=\"edd-cart-added-alert\" style=\"display: none;\">\n\t\t\t\t\t\t<svg class=\"edd-icon edd-icon-check\" xmlns=\"http:\/\/www.w3.org\/2000\/svg\" width=\"28\" height=\"28\" viewBox=\"0 0 28 28\" aria-hidden=\"true\">\n\t\t\t\t\t\t\t<path d=\"M26.11 8.844c0 .39-.157.78-.44 1.062L12.234 23.344c-.28.28-.672.438-1.062.438s-.78-.156-1.06-.438l-7.782-7.78c-.28-.282-.438-.673-.438-1.063s.156-.78.438-1.06l2.125-2.126c.28-.28.672-.438 1.062-.438s.78.156 1.062.438l4.594 4.61L21.42 5.656c.282-.28.673-.438 1.063-.438s.78.155 1.062.437l2.125 2.125c.28.28.438.672.438 1.062z\"\/>\n\t\t\t\t\t\t<\/svg>\n\t\t\t\t\t\tAjout\u00e9 au panier\t\t\t\t\t<\/span>\n\t\t\t\t<\/span>\n\t\t\t\t\t\t\t\t<\/div><!--end .edd_purchase_submit_wrapper-->\n\n\t\t<input type=\"hidden\" name=\"download_id\" value=\"1314\">\n\t\t\t\t\t\t\t<input type=\"hidden\" name=\"edd_action\" class=\"edd_action_input\" value=\"add_to_cart\">\n\t\t\n\t\t\n\t\t\n\t<\/form><!--end #edd_purchase_1314-->\n\t<\/div><\/footer>\n\t\t<\/article>\n\t\t\t\t<article class=\"edd-blocks__download\">\n\t\t\t\n<header class=\"edd-blocks__download-header\">\n\t<h3><a href=\"https:\/\/protocole-csr.com\/?download=%f0%9f%93%9d-fiche-dautoevaluation-etat-de-ton-systeme-nerveux\">\ud83d\udcdd Fiche d\u2019Auto\u00e9valuation \u2013 \u00c9tat de ton Syst\u00e8me Nerveux<\/a><\/h3><\/header>\n<div class=\"edd-blocks__download-content\">\n\t<p>Fiche d\u2019Auto\u00e9valuation \u2013 Syst\u00e8me Nerveux \ud83d\udcdd Fiche d\u2019Auto\u00e9valuation \u2013 \u00c9tat de ton Syst\u00e8me Nerveux Mode d\u2019emploi : lis chaque affirmation et attribue-toi une note de 0 \u00e0 3 selon ta fr\u00e9quence. 0 = Jamais &nbsp;\u2022&nbsp; 1 = Rarement &nbsp;\u2022&nbsp; 2 = Souvent &nbsp;\u2022&nbsp; 3 = Tr\u00e8s souvent Calcul du score en temps r\u00e9el Interpr\u00e9tation automatique [&hellip;]<\/p>\n\t\t<div class=\"edd-blocks__download-price\">\n\t\t\t<span class=\"edd_price\" id=\"edd_price_1292\">Gratuit<\/span>\t\t<\/div>\n\t\t<\/div>\n<footer class=\"edd-blocks__download-footer\">\n\t<div class=\"wp-block-edd-buy-button edd-blocks__buy-button\">\t<form id=\"edd_purchase_1292\" class=\"edd_download_purchase_form edd_purchase_1292\" method=\"post\">\n\n\t\t\t<div class=\"edd_download_quantity_wrapper\">\n\t\t<input type=\"number\" min=\"1\" step=\"1\" name=\"edd_download_quantity\" class=\"edd-input edd-item-quantity\" value=\"1\" \/>\n\t<\/div>\n\t\n\t\t<div class=\"edd_purchase_submit_wrapper\">\n\t\t\t<button class=\"edd-add-to-cart button blue edd-submit alignnone\" data-nonce=\"faa9de27a5\" data-timestamp=\"1776377879\" data-token=\"461e897762ddbdf4940f05c9fa9af7364798e0c20bf710669885de40a8448234\" data-action=\"edd_add_to_cart\" data-download-id=\"1292\" data-variable-price=\"no\" data-price-mode=single data-price=\"0.00\" ><span class=\"edd-add-to-cart-label\">Gratuit&nbsp;&ndash;&nbsp;Acheter<\/span> <span class=\"edd-loading\" aria-label=\"Chargement en cours\"><\/span><\/button><input type=\"submit\" class=\"edd-add-to-cart edd-no-js button blue edd-submit alignnone\" name=\"edd_purchase_download\" value=\"Gratuit&nbsp;&ndash;&nbsp;Acheter\" data-action=\"edd_add_to_cart\" data-download-id=\"1292\" data-variable-price=\"no\" data-price-mode=single \/><a href=\"https:\/\/protocole-csr.com\/?page_id=698\" class=\"edd_go_to_checkout button blue edd-submit alignnone\" style=\"display:none;\">Validation de la commande<\/a>\n\t\t\t\t\t\t\t<span class=\"edd-cart-ajax-alert\" aria-live=\"assertive\">\n\t\t\t\t\t<span class=\"edd-cart-added-alert\" style=\"display: none;\">\n\t\t\t\t\t\t<svg class=\"edd-icon edd-icon-check\" xmlns=\"http:\/\/www.w3.org\/2000\/svg\" width=\"28\" height=\"28\" viewBox=\"0 0 28 28\" aria-hidden=\"true\">\n\t\t\t\t\t\t\t<path d=\"M26.11 8.844c0 .39-.157.78-.44 1.062L12.234 23.344c-.28.28-.672.438-1.062.438s-.78-.156-1.06-.438l-7.782-7.78c-.28-.282-.438-.673-.438-1.063s.156-.78.438-1.06l2.125-2.126c.28-.28.672-.438 1.062-.438s.78.156 1.062.438l4.594 4.61L21.42 5.656c.282-.28.673-.438 1.063-.438s.78.155 1.062.437l2.125 2.125c.28.28.438.672.438 1.062z\"\/>\n\t\t\t\t\t\t<\/svg>\n\t\t\t\t\t\tAjout\u00e9 au panier\t\t\t\t\t<\/span>\n\t\t\t\t<\/span>\n\t\t\t\t\t\t\t\t<\/div><!--end .edd_purchase_submit_wrapper-->\n\n\t\t<input type=\"hidden\" name=\"download_id\" value=\"1292\">\n\t\t\t\t\t\t\t<input type=\"hidden\" name=\"edd_action\" class=\"edd_action_input\" value=\"add_to_cart\">\n\t\t\n\t\t\n\t\t\n\t<\/form><!--end #edd_purchase_1292-->\n\t<\/div><\/footer>\n\t\t<\/article>\n\t\t<\/div>\n\t\t<div id=\"edd_download_pagination\" class=\"edd_pagination navigation\">\n\t\t\t<span aria-current=\"page\" class=\"page-numbers current\">1<\/span>\n<a class=\"page-numbers\" href=\"https:\/\/protocole-csr.com\/index.php?rest_route=%2Fwp%2Fv2%2Fpages%2F703&#038;&#038;paged=2\">2<\/a>\n<a class=\"next page-numbers\" href=\"https:\/\/protocole-csr.com\/index.php?rest_route=%2Fwp%2Fv2%2Fpages%2F703&#038;&#038;paged=2\">Suivant\u00a0\u00bb<\/a>\t\t<\/div>\n\t\t","protected":false},"excerpt":{"rendered":"","protected":false},"author":1,"featured_media":0,"parent":0,"menu_order":0,"comment_status":"closed","ping_status":"closed","template":"","meta":{"_acf_changed":false,"_bbp_topic_count":0,"_bbp_reply_count":0,"_bbp_total_topic_count":0,"_bbp_total_reply_count":0,"_bbp_voice_count":0,"_bbp_anonymous_reply_count":0,"_bbp_topic_count_hidden":0,"_bbp_reply_count_hidden":0,"_bbp_forum_subforum_count":0,"_gspb_post_css":"","om_disable_all_campaigns":false,"_surecart_dashboard_logo_width":"180px","_surecart_dashboard_show_logo":true,"_surecart_dashboard_navigation_orders":true,"_surecart_dashboard_navigation_invoices":true,"_surecart_dashboard_navigation_subscriptions":true,"_surecart_dashboard_navigation_downloads":true,"_surecart_dashboard_navigation_billing":true,"_surecart_dashboard_navigation_account":true,"_monsterinsights_skip_tracking":false,"_monsterinsights_sitenote_active":false,"_monsterinsights_sitenote_note":"","_monsterinsights_sitenote_category":0,"_kadence_starter_templates_imported_post":false,"footnotes":""},"class_list":["post-703","page","type-page","status-publish","hentry"],"blocksy_meta":[],"aioseo_notices":[],"acf":[],"_links":{"self":[{"href":"https:\/\/protocole-csr.com\/index.php?rest_route=\/wp\/v2\/pages\/703","targetHints":{"allow":["GET"]}}],"collection":[{"href":"https:\/\/protocole-csr.com\/index.php?rest_route=\/wp\/v2\/pages"}],"about":[{"href":"https:\/\/protocole-csr.com\/index.php?rest_route=\/wp\/v2\/types\/page"}],"author":[{"embeddable":true,"href":"https:\/\/protocole-csr.com\/index.php?rest_route=\/wp\/v2\/users\/1"}],"replies":[{"embeddable":true,"href":"https:\/\/protocole-csr.com\/index.php?rest_route=%2Fwp%2Fv2%2Fcomments&post=703"}],"version-history":[{"count":0,"href":"https:\/\/protocole-csr.com\/index.php?rest_route=\/wp\/v2\/pages\/703\/revisions"}],"wp:attachment":[{"href":"https:\/\/protocole-csr.com\/index.php?rest_route=%2Fwp%2Fv2%2Fmedia&parent=703"}],"curies":[{"name":"wp","href":"https:\/\/api.w.org\/{rel}","templated":true}]}}